t is the highest common factor of 7 and c?
7
Suppose -2*r - 8 = 0, -4*r - 268 - 183 = -5*j. Calculate the greatest common divisor of j and 29.
29
Suppose 168 = -4*c + 10*c. Calculate the greatest common divisor of 56 and c.
28
Suppose -2*j = -5*i + 674, -4*j + 287 = 2*i + j. What is the greatest common factor of 17 and i?
17
Let s = 6 - -18. What is the highest common factor of s and 192?
24
Let t(g) = 4*g + 3*g**2 + 3*g**2 - 4*g**2. Let k be t(5). Let u be (-24)/(-3)*35/20. What is the greatest common factor of k and u?
14
Let s = 1 + 5. Suppose 2*c - 48 = 2*y, -3*c + 4*y = s*y - 62. Calculate the greatest common divisor of c and 2.
2
Let v = -28 + 43. What is the highest common divisor of v and 135?
15
Let j be -5 + ((-1)/1)/1. Let o = 16 + j. Calculate the greatest common divisor of 40 and o.
10
Let k = 87 - 32. Let g(n) = 2*n + 1. Let v be g(5). What is the highest common factor of k and v?
11
Suppose 0 = -3*u - p + 5, 3*p = -0 - 3. Suppose u*b + 2*b = 0. Suppose b = 4*t + 7 - 63. What is the greatest common factor of 56 and t?
14
Let z(x) be the first derivative of x**2 - 5*x - 1. Let c be z(4). Let f = 7 + 14. What is the highest common factor of c and f?
3
Let t be 5/2*(-4)/(-5). Suppose t*s - 478 = -4*y - 0*s, -9 = 3*s. Let f be ((-44)/(-6))/((-20)/(-30)). Calculate the highest common divisor of f and y.
11
Let j be (-4)/14 + 158/14. Let s be (12/30)/((-1)/(-220)). What is the greatest common divisor of j and s?
11
Suppose 417 = 5*o - 0*a - 2*a, -o + 5*a = -88. Let c = -27 + o. What is the greatest common divisor of 8 and c?
8
Let b = -2 - -2. Suppose 2*v + b*v - 56 = 0. What is the highest common factor of 4 and v?
4
Suppose 5*x + 9 = x - o, 3*o = 2*x + 1. Let m(d) = -4*d + 1. Let v be m(x). What is the highest common factor of v and 6?
3
Let b(r) = -r**3 - 7*r**2 - 2*r - 5. Let n be b(-7). Calculate the greatest common factor of 72 and n.
9
Let u be 270/(-9)*3/(-5). Calculate the highest common divisor of u and 27.
9
Let w(o) = -o**2 + 10*o - 2. Let u be w(8). Calculate the highest common factor of 112 and u.
14
Suppose -3*l = -0*l + 3*y - 3, -2*l = 4*y + 8. Let i(q) = -q**2 - 3*q - 1. Let j be i(-5). Let x = j + 15. What is the greatest common factor of l and x?
2
Suppose -46 = -3*z + 5. Let d(s) = -2 + 5 - 4 - 6*s. Let c be d(-3). What is the highest common divisor of z and c?
17
Let p be 0/1 - -1 - -27. Let g be (-6 - -2)*4/2. Let x(t) = -2*t - 9. Let m be x(g). Calculate the highest common divisor of p and m.
7
Let z be 20 + 0 + (2 - 3). Suppose 6*h - 2*h = 76. Calculate the greatest common factor of h and z.
19
Let q = 82 + -30. What is the greatest common divisor of q and 26?
26
Suppose o - 2*q = 10, q = -2*o - 0*o + 30. Calculate the highest common divisor of o and 7.
7
Suppose 2*y + a - 21 = 6, -2*y = 3*a - 29. Calculate the greatest common divisor of 26 and y.
13
Let c = 60 - 51. What is the greatest common divisor of 36 and c?
9
Let q be (-27)/2 + (-1)/2. Let p(u) = u**3 + 9*u**2 + 9*u - 2. Let w be p(-8). Let g = w - q. What is the highest common factor of g and 4?
4
Let a = 216 - 99. Calculate the greatest common divisor of a and 13.
13
Let p(w) = -2*w - 11. Let i be p(-6). Let n be 3 + (0 - 2/(-2)). What is the highest common divisor of n and i?
1
Let g(d) = 7*d - 6. Let i be g(2). Calculate the greatest common factor of 20 and i.
4
Suppose -18 = -5*w + 22. Calculate the highest common factor of w and 2.
2
Suppose -3*n + 5*n - 144 = 0. Calculate the highest common divisor of n and 8.
8
Let z(h) = -2*h**3 + h. Let m be z(-1). Calculate the highest common divisor of m and 1.
1
Let s = -41 + 102. Suppose 3*g - 2*g - 2*j + s = 0, -168 = 3*g - j. Let f = 85 + g. Calculate the greatest common factor of f and 6.
6
Let u(k) = -1. Let m(y) = -y + 9. Let h(w) = -m(w) - 6*u(w). Let v be h(13). Calculate the highest common factor of 80 and v.
10
Suppose 0 = -5*j + 333 - 108. Let v(f) = -f + 15. Let x be v(7). Suppose 2*d - x*d = -90. Calculate the highest common factor of j and d.
15
Suppose 0 = 2*z - 3*d - 15, 11 = -5*z - 2*d + 1. Suppose -5*o + 3*y + z*y = -172, -5*o - 3*y + 148 = 0. Calculate the highest common factor of o and 8.
8
Suppose -5*x - 6*b = -3*b - 76, 4*x - 60 = -2*b. Calculate the highest common divisor of x and 112.
14
Let r(a) = 2*a**2 - a - 1. Let x be r(2). What is the greatest common factor of 5 and x?
5
Let i(m) = -m + 29. Let w be i(-18). Calculate the greatest common factor of w and 423.
47
Suppose g = 4*x - 1304 + 186, -4*x - 4*g = -1128. Calculate the highest common divisor of x and 56.
56
Let k be 6*-1 - (-3 - 7). What is the greatest common divisor of k and 32?
4
Let z be (-9)/6*4/(-3). Suppose -i + 15 = z. Let w be (1 + -14)/((-2)/10). What is the highest common divisor of i and w?
13
Let u = 19 + -8. What is the greatest common divisor of u and 33?
11
Suppose -h + 80 = 5*d + 3*h, -2*d + 4*h + 4 = 0. What is the greatest common divisor of d and 36?
12
Let c be (-2)/((-8)/6 - -2). Let b be (-1 - c)/((-3)/(-15)). What is the greatest common factor of 80 and b?
10
Let b be (50/(-15))/(1/(-36)). Let g(f) = -16*f**3 - f**2. Let o be g(-1). What is the greatest common divisor of b and o?
15
Let k = 36 - 22. What is the greatest common factor of k and 35?
7
Let i(k) = -k**2 + 10*k - 10. Let h be i(7). Calculate the highest common factor of h and 33.
11
Suppose 23 - 5 = 3*s. Let u be 159/s + 1/(-2). What is the greatest common factor of u and 13?
13
Suppose -2*w + 5*f = 3*w - 390, 0 = 2*w + 4*f - 168. What is the highest common factor of w and 32?
16
Suppose 10 = 3*b + 52. Let y be 2614/14 - 4/b. What is the highest common divisor of 17 and y?
17
Let y(b) = b**3 + 3*b**2 - 3*b - 1. Let a be y(-2). Let q be 2/(a/8 + -1). Suppose 37*t + 720 = 42*t. What is the greatest common factor of t and q?
16
Suppose 5*g = 4 + 1. Calculate the greatest common divisor of 9 and g.
1
Let v be 1/3*(-51)/(-1). Calculate the greatest common divisor of 68 and v.
17
Let q = -46 + 20. Let s = -15 - q. Calculate the greatest common factor of s and 11.
11
Let d(w) = -3*w + 4. Let n be d(-6). Let l be 108/90*880/6. What is the highest common factor of n and l?
22
Let r(s) = s - 2. Let g be r(10). Calculate the highest common divisor of 64 and g.
8
Suppose -5*s = -66 - 64. Let t = -14 + s. Let d(o) = -4*o**3 + o**2 + 2*o - 3. Let j be d(-3). What is the highest common divisor of j and t?
12
Suppose 9 - 2 = a. Let b be 3 + (-1 - a*-17). What is the highest common factor of b and 11?
11
Let a be 1566/90 - (6/5)/(-2). Let j be (-9)/(-1 - 5/(-6)). What is the highest common factor of j and a?
18
Let g = 31 - 29. Calculate the greatest common factor of g and 4.
2
Let w be ((-8)/12*-5)/((-3)/(-36)). What is the greatest common divisor of 8 and w?
8
Let x(y) = -y - 4*y + y**2 - 5*y - 17 + 14. Let i be x(11). What is the highest common factor of 4 and i?
4
Let c be -2*(36/(-8) - 2). Let n(h) = h**3 - 13*h**2 + 8. Let a be n(c). Let d be (-257)/(-4) + (-1)/4. What is the highest common divisor of a and d?
8
Let v(f) = -f**3 + 8*f**2 - 6*f. Let p be v(4). Suppose 4*k + k - p = 0. Suppose k = 4*q - 56. Calculate the greatest common factor of 16 and q.
16
Suppose 0 = -0*t - 4*t + 16. Calculate the greatest common divisor of 22 and t.
2
Let v(j) = 3*j**2 + 3*j - 4. Let q be v(4). Let o(d) = d**2 - d + 8. Let g be o(0). What is the highest common divisor of q and g?
8
Let v be (-1)/(2/(1*-2)). Let i(g) = 3*g**2 - 2*g - 2*g**2 + 1 + 14*g**2 + 6*g**2. Let u be i(v). Calculate the highest common factor of u and 80.
20
Suppose 0 = r + 3*c + 2, -6*c + 7*c = -2*r + 6. What is the highest common divisor of r and 32?
4
Let u be 6/(-4)*2/(-3). Let t = 3 - u. Suppose t*s - 9 = s. What is the highest common divisor of s and 18?
9
Suppose -5*d + 20 = -4*d. Calculate the greatest common factor of 50 and d.
10
Let v(z) = -37*z**3 - 2*z**2 - 2*z - 1. Let h be v(-1). Calculate the greatest common factor of h and 18.
18
Let f = -8 - -5. Let g = 4 + f. Let m be (1/(-2))/(g/(-6)). Calculate the greatest common divisor of m and 9.
3
Suppose l + 2 = -5. Let z be (-456)/(-28) - (-2)/l. Let f(n) = -7*n - 9. Let g be f(-7). What is the highest common factor of z and g?
8
Suppose -3*r + w - 2 = 2, -4*r + w = 7. Let x be r*(51/(-9) - 1). Suppose -2*y + 60 = -0*y. Calculate